{"id":83,"date":"2022-05-13T11:22:00","date_gmt":"2022-05-13T11:22:00","guid":{"rendered":"https:\/\/15milhas.com.br\/wfe\/?page_id=83"},"modified":"2025-10-29T19:23:11","modified_gmt":"2025-10-29T19:23:11","slug":"apoiadores","status":"publish","type":"page","link":"https:\/\/15milhas.com.br\/wfe\/apoiadores\/","title":{"rendered":"Apoiadores"},"content":{"rendered":"\t\n\t\t<div id=\"gs_logo_area_44\" data-shortcode-id=\"44\" class=\"gs_logo_area gs_logo_area_44 grid1 \" data-options='{\"logo_per_page\":\"6\"}' style=\"opacity: 0; visibility: hidden;\">\n\t\t\t<div class=\"gs_logo_area--inner\">\n\n\t\t\t\t<!-- Category Filters - New (Global) -->\n\t\t\t\t\t\n\t\t\t\t\n<div class=\"gs_logo_container gs_logo_container_grid gs_logo_fix_height_and_center \" style=\"justify-content:center\">\n\n\t\n\t\t\n\t\t\t\n\t\t\t<div class=\"gs_logo_single--wrapper \">\n\t\t\t\t<div class=\"gs_logo_single\">\n\t\t\t\t\t\n\t\t\t\t\t<!-- Logo Image -->\n\t\t\t\t\t<a href=\"#\" target=\"_blank\" rel=\"noopener\"><img loading=\"lazy\" decoding=\"async\" width=\"300\" height=\"300\" src=\"https:\/\/15milhas.com.br\/wfe\/wp-content\/uploads\/2020\/08\/hifi-300x300.jpg\" class=\"tt-placement-top tt-bgcolor-one-%23ff5f6d tt-bgcolor-two-%23ffc371 tt-textcolor-%23fff gs-logo--img wp-post-image\" alt=\"\" title=\"Sua marca\" srcset=\"https:\/\/15milhas.com.br\/wfe\/wp-content\/uploads\/2020\/08\/hifi-300x300.jpg 300w, https:\/\/15milhas.com.br\/wfe\/wp-content\/uploads\/2020\/08\/hifi-150x150.jpg 150w, https:\/\/15milhas.com.br\/wfe\/wp-content\/uploads\/2020\/08\/hifi-768x770.jpg 768w, https:\/\/15milhas.com.br\/wfe\/wp-content\/uploads\/2020\/08\/hifi.jpg 886w\" sizes=\"auto, (max-width: 300px) 100vw, 300px\" \/><\/a>\n\t\t\t\t\t<!-- Logo Title -->\n\t\t\t\t\t\n\t\t\t\t\t<!-- Logo Category -->\n\t\t\t\t\t\n\t\t\t\t\t<!-- Logo Details -->\n\t\t\t\t\t\n\t\t\t\t<\/div>\n\t\t\t<\/div>\n\n\t\t\n\t\t\t\n\t\t\t<div class=\"gs_logo_single--wrapper \">\n\t\t\t\t<div class=\"gs_logo_single\">\n\t\t\t\t\t\n\t\t\t\t\t<!-- Logo Image -->\n\t\t\t\t\t<a href=\"https:\/\/digitalhelp.rgdi.net\" target=\"_blank\" rel=\"noopener\"><img loading=\"lazy\" decoding=\"async\" width=\"300\" height=\"261\" src=\"https:\/\/15milhas.com.br\/wfe\/wp-content\/uploads\/2022\/05\/logo-dhb-300x261.png\" class=\"tt-placement-top tt-bgcolor-one-%23ff5f6d tt-bgcolor-two-%23ffc371 tt-textcolor-%23fff gs-logo--img wp-post-image\" alt=\"\" title=\"Digital Help\" srcset=\"https:\/\/15milhas.com.br\/wfe\/wp-content\/uploads\/2022\/05\/logo-dhb-300x261.png 300w, https:\/\/15milhas.com.br\/wfe\/wp-content\/uploads\/2022\/05\/logo-dhb-1024x891.png 1024w, https:\/\/15milhas.com.br\/wfe\/wp-content\/uploads\/2022\/05\/logo-dhb-768x668.png 768w, https:\/\/15milhas.com.br\/wfe\/wp-content\/uploads\/2022\/05\/logo-dhb-1536x1336.png 1536w, https:\/\/15milhas.com.br\/wfe\/wp-content\/uploads\/2022\/05\/logo-dhb-2048x1782.png 2048w\" sizes=\"auto, (max-width: 300px) 100vw, 300px\" \/><\/a>\n\t\t\t\t\t<!-- Logo Title -->\n\t\t\t\t\t\n\t\t\t\t\t<!-- Logo Category -->\n\t\t\t\t\t\n\t\t\t\t\t<!-- Logo Details -->\n\t\t\t\t\t\n\t\t\t\t<\/div>\n\t\t\t<\/div>\n\n\t\t\n\t\t\t\n\t\t\t<div class=\"gs_logo_single--wrapper \">\n\t\t\t\t<div class=\"gs_logo_single\">\n\t\t\t\t\t\n\t\t\t\t\t<!-- Logo Image -->\n\t\t\t\t\t<a href=\"https:\/\/cresol.com.br\/\" target=\"_blank\" rel=\"noopener\"><img loading=\"lazy\" decoding=\"async\" width=\"225\" height=\"225\" src=\"https:\/\/15milhas.com.br\/wfe\/wp-content\/uploads\/2022\/05\/logo-cresol.png\" class=\"tt-placement-top tt-bgcolor-one-%23ff5f6d tt-bgcolor-two-%23ffc371 tt-textcolor-%23fff gs-logo--img wp-post-image\" alt=\"\" title=\"Sua marca\" srcset=\"https:\/\/15milhas.com.br\/wfe\/wp-content\/uploads\/2022\/05\/logo-cresol.png 225w, https:\/\/15milhas.com.br\/wfe\/wp-content\/uploads\/2022\/05\/logo-cresol-150x150.png 150w\" sizes=\"auto, (max-width: 225px) 100vw, 225px\" \/><\/a>\n\t\t\t\t\t<!-- Logo Title -->\n\t\t\t\t\t\n\t\t\t\t\t<!-- Logo Category -->\n\t\t\t\t\t\n\t\t\t\t\t<!-- Logo Details -->\n\t\t\t\t\t\n\t\t\t\t<\/div>\n\t\t\t<\/div>\n\n\t\t\t\t\n\t\n<\/div>\n\t\t\t\t<!-- Pagination -->\n\t\t\t\t\n\t\t\t<\/div>\n\t\t<\/div>\n\t\n\t\t<style>#gs_logo_area_44:not(.verticaltickerdown):not(.verticalticker) .gs_logo_container{margin-left:-5px}#gs_logo_area_44:not(.verticaltickerdown):not(.verticalticker) .gs_logo_container{margin-right:-5px}#gs_logo_area_44:not(.verticaltickerdown):not(.verticalticker) .gs_logo_single--wrapper{padding:5px}#gs_logo_area_44 ul.gs-logo-filter-cats{text-align:center!important}#gs_logo_area_44 .gs_logo_single--wrapper{width:20%}@media (max-width:1023px){#gs_logo_area_44 .gs_logo_single--wrapper{width:33.333333333333%}}@media (max-width:767px){#gs_logo_area_44 .gs_logo_single--wrapper{width:50%}}<\/style>\n\n\n\n<div style=\"height:59px\" aria-hidden=\"true\" class=\"wp-block-spacer\"><\/div>\n\n\n\n<div class=\"wp-block-columns is-layout-flex wp-container-core-columns-is-layout-9d6595d7 wp-block-columns-is-layout-flex\">\n<div class=\"wp-block-column is-layout-flow wp-block-column-is-layout-flow\" style=\"flex-basis:66.66%\"><div class=\"wp-block-image\">\n<figure class=\"alignleft size-medium is-resized\"><img loading=\"lazy\" decoding=\"async\" width=\"300\" height=\"300\" src=\"https:\/\/15milhas.com.br\/wfe\/wp-content\/uploads\/2022\/07\/selo-300x300.png\" alt=\"\" class=\"wp-image-391\" style=\"width:221px;height:221px\" srcset=\"https:\/\/15milhas.com.br\/wfe\/wp-content\/uploads\/2022\/07\/selo-300x300.png 300w, https:\/\/15milhas.com.br\/wfe\/wp-content\/uploads\/2022\/07\/selo-150x150.png 150w, https:\/\/15milhas.com.br\/wfe\/wp-content\/uploads\/2022\/07\/selo.png 500w\" sizes=\"auto, (max-width: 300px) 100vw, 300px\" \/><figcaption class=\"wp-element-caption\">Selo Oficial<\/figcaption><\/figure>\n<\/div>\n\n\n<p class=\"has-medium-font-size\">Seja um amigo do esporte.<br>Apoiando nossa equipe, sua marca vai ser divulgada em todos os eventos que o 15 Milhas estiver presente. E sua empresa recebe o &#8220;Selo de Amigo do Esporte&#8221;.<\/p>\n\n\n\n<p class=\"has-medium-font-size\">Ajude nossa Associa\u00e7\u00e3o de Corredores de Rua apoiando as competi\u00e7\u00f5es ou seja um apoiador Oficial da Equipe 15 Milhas.<\/p>\n\n\n\n<div style=\"height:100px\" aria-hidden=\"true\" class=\"wp-block-spacer\"><\/div>\n\n\n\n<h2 class=\"wp-block-heading\">Download<\/h2>\n\n\n\n<div class=\"wp-block-file\"><a id=\"wp-block-file--media-de0bd2d6-bd7b-4394-ad8c-7c1f6379809b\" href=\"http:\/\/15milhas.com.br\/wfe\/wp-content\/uploads\/2022\/07\/termo-convenio-15milhas.pdf\" target=\"_blank\" rel=\"noreferrer noopener\">Termo de Conv\u00eanio com o 15 Milhas<\/a><a href=\"http:\/\/15milhas.com.br\/wfe\/wp-content\/uploads\/2022\/07\/termo-convenio-15milhas.pdf\" class=\"wp-block-file__button wp-element-button\" download aria-describedby=\"wp-block-file--media-de0bd2d6-bd7b-4394-ad8c-7c1f6379809b\">Baixar<\/a><\/div>\n\n\n\n<div style=\"height:100px\" aria-hidden=\"true\" class=\"wp-block-spacer\"><\/div>\n<\/div>\n\n\n\n<div class=\"wp-block-column is-layout-flow wp-block-column-is-layout-flow\" style=\"flex-basis:33.33%\">\n<h3 class=\"wp-block-heading\">Quer ser Amigo do Esporte?<\/h3>\n\n\n\n<p class=\"has-medium-font-size\">Preencha seus dados no formul\u00e1rio. Em breve responderemos seu contato.<\/p>\n\n\n\n<div style=\"height:61px\" aria-hidden=\"true\" class=\"wp-block-spacer\"><\/div>\n\n\n\n<hr class=\"wp-block-separator has-alpha-channel-opacity\"\/>\n\n\n\n<div class=\"forminator-guttenberg\"><div class=\"forminator-ui forminator-custom-form forminator-custom-form-166 forminator-design--default  forminator_ajax\" data-forminator-render=\"0\" data-form=\"forminator-module-166\" data-uid=\"69fc4cf736242\"><br\/><\/div><form\n\t\t\t\tid=\"forminator-module-166\"\n\t\t\t\tclass=\"forminator-ui forminator-custom-form forminator-custom-form-166 forminator-design--default  forminator_ajax\"\n\t\t\t\tmethod=\"post\"\n\t\t\t\tdata-forminator-render=\"0\"\n\t\t\t\tdata-form-id=\"166\"\n\t\t\t\t data-color-option=\"default\" data-design=\"default\" data-grid=\"open\" style=\"display: none;\"\n\t\t\t\tdata-uid=\"69fc4cf736242\"\n\t\t\t><div role=\"alert\" aria-live=\"polite\" class=\"forminator-response-message forminator-error\" aria-hidden=\"true\"><\/div><div class=\"forminator-row\"><div id=\"name-1\" class=\"forminator-field-name forminator-col forminator-col-12 \"><div class=\"forminator-field\"><label for=\"forminator-field-name-1_69fc4cf736242\" id=\"forminator-field-name-1_69fc4cf736242-label\" class=\"forminator-label\">Nome\/Empresa<\/label><input type=\"text\" name=\"name-1\" value=\"\" placeholder=\"\" id=\"forminator-field-name-1_69fc4cf736242\" class=\"forminator-input forminator-name--field\" aria-required=\"false\" autocomplete=\"name\" \/><\/div><\/div><\/div><div class=\"forminator-row\"><div id=\"email-1\" class=\"forminator-field-email forminator-col forminator-col-6 \"><div class=\"forminator-field\"><label for=\"forminator-field-email-1_69fc4cf736242\" id=\"forminator-field-email-1_69fc4cf736242-label\" class=\"forminator-label\">E-mail<\/label><input type=\"email\" name=\"email-1\" value=\"\" placeholder=\"\" id=\"forminator-field-email-1_69fc4cf736242\" class=\"forminator-input forminator-email--field\" data-required=\"\" aria-required=\"false\" autocomplete=\"email\" \/><\/div><\/div><div id=\"phone-1\" class=\"forminator-field-phone forminator-col forminator-col-6 \"><div class=\"forminator-field\"><label for=\"forminator-field-phone-1_69fc4cf736242\" id=\"forminator-field-phone-1_69fc4cf736242-label\" class=\"forminator-label\">Telefone\/WhatsApp<\/label><input type=\"text\" name=\"phone-1\" value=\"\" placeholder=\"\" id=\"forminator-field-phone-1_69fc4cf736242\" class=\"forminator-input forminator-field--phone\" data-required=\"\" aria-required=\"false\" autocomplete=\"off\" \/><\/div><\/div><\/div><div class=\"forminator-row\"><div id=\"textarea-1\" class=\"forminator-field-textarea forminator-col forminator-col-6 \"><div class=\"forminator-field\"><label for=\"forminator-field-textarea-1_69fc4cf736242\" id=\"forminator-field-textarea-1_69fc4cf736242-label\" class=\"forminator-label\">Observa\u00e7\u00e3o<\/label><textarea name=\"textarea-1\" placeholder=\"\" id=\"forminator-field-textarea-1_69fc4cf736242\" class=\"forminator-textarea\" rows=\"6\" style=\"min-height:140px;\" ><\/textarea><\/div><\/div><div id=\"captcha-1\" class=\"forminator-field-captcha forminator-col forminator-col-6 \"><div class=\"forminator-captcha-left forminator-g-recaptcha recaptcha-invisible\" data-theme=\"light\" data-badge=\"inline\" data-sitekey=\"6LeYhvsrAAAAAJN9y6lVJykBTgFPhqv5K5JkY19w\" data-size=\"invisible\"><\/div> <\/div><\/div><input type=\"hidden\" name=\"referer_url\" value=\"\" \/><div class=\"forminator-row forminator-row-last\"><div class=\"forminator-col\"><div class=\"forminator-field\"><button class=\"forminator-button forminator-button-submit\">Enviar mensagem<\/button><\/div><\/div><\/div><input type=\"hidden\" id=\"forminator_nonce\" name=\"forminator_nonce\" value=\"9098ca4637\" \/><input type=\"hidden\" name=\"_wp_http_referer\" value=\"\/wfe\/wp-json\/wp\/v2\/pages\/83\" \/><input type=\"hidden\" name=\"form_id\" value=\"166\"><input type=\"hidden\" name=\"page_id\" value=\"249\"><input type=\"hidden\" name=\"form_type\" value=\"default\"><input type=\"hidden\" name=\"current_url\" value=\"https:\/\/15milhas.com.br\/wfe\/?gs-logo-slider=sua-marca\"><input type=\"hidden\" name=\"render_id\" value=\"0\"><input type=\"hidden\" name=\"action\" value=\"forminator_submit_form_custom-forms\"><\/form><\/div>\n<\/div>\n<\/div>\n\n\n\n<p><\/p>\n","protected":false},"excerpt":{"rendered":"<p>Seja um amigo do esporte.Apoiando nossa equipe, sua marca vai ser divulgada em todos os eventos que o 15 Milhas estiver presente. E sua empresa recebe o &#8220;Selo de Amigo do Esporte&#8221;. Ajude nossa Associa\u00e7\u00e3o de Corredores de Rua apoiando as competi\u00e7\u00f5es ou seja um apoiador Oficial da Equipe 15 Milhas. Download Quer ser Amigo [&hellip;]<\/p>\n","protected":false},"author":1,"featured_media":0,"parent":0,"menu_order":0,"comment_status":"closed","ping_status":"closed","template":"","meta":{"footnotes":""},"class_list":["post-83","page","type-page","status-publish","hentry"],"yoast_head":"<!-- This site is optimized with the Yoast SEO plugin v26.2 - https:\/\/yoast.com\/wordpress\/plugins\/seo\/ -->\n<title>Apoiadores - 15 Milhas<\/title>\n<meta name=\"robots\" content=\"index, follow, max-snippet:-1, max-image-preview:large, max-video-preview:-1\" \/>\n<link rel=\"canonical\" href=\"https:\/\/15milhas.com.br\/wfe\/apoiadores\/\" \/>\n<meta property=\"og:locale\" content=\"pt_BR\" \/>\n<meta property=\"og:type\" content=\"article\" \/>\n<meta property=\"og:title\" content=\"Apoiadores - 15 Milhas\" \/>\n<meta property=\"og:description\" content=\"Seja um amigo do esporte.Apoiando nossa equipe, sua marca vai ser divulgada em todos os eventos que o 15 Milhas estiver presente. E sua empresa recebe o &#8220;Selo de Amigo do Esporte&#8221;. Ajude nossa Associa\u00e7\u00e3o de Corredores de Rua apoiando as competi\u00e7\u00f5es ou seja um apoiador Oficial da Equipe 15 Milhas. Download Quer ser Amigo [&hellip;]\" \/>\n<meta property=\"og:url\" content=\"https:\/\/15milhas.com.br\/wfe\/apoiadores\/\" \/>\n<meta property=\"og:site_name\" content=\"15 Milhas\" \/>\n<meta property=\"article:publisher\" content=\"https:\/\/www.facebook.com\/15MilhasdeCorredoresdeRuadeSantaRosa\" \/>\n<meta property=\"article:modified_time\" content=\"2025-10-29T19:23:11+00:00\" \/>\n<meta property=\"og:image\" content=\"https:\/\/15milhas.com.br\/wfe\/wp-content\/uploads\/2022\/07\/selo-300x300.png\" \/>\n<meta name=\"twitter:card\" content=\"summary_large_image\" \/>\n<meta name=\"twitter:label1\" content=\"Est. tempo de leitura\" \/>\n\t<meta name=\"twitter:data1\" content=\"1 minuto\" \/>\n<script type=\"application\/ld+json\" class=\"yoast-schema-graph\">{\"@context\":\"https:\/\/schema.org\",\"@graph\":[{\"@type\":\"WebPage\",\"@id\":\"https:\/\/15milhas.com.br\/wfe\/apoiadores\/\",\"url\":\"https:\/\/15milhas.com.br\/wfe\/apoiadores\/\",\"name\":\"Apoiadores - 15 Milhas\",\"isPartOf\":{\"@id\":\"https:\/\/15milhas.com.br\/wfe\/#website\"},\"primaryImageOfPage\":{\"@id\":\"https:\/\/15milhas.com.br\/wfe\/apoiadores\/#primaryimage\"},\"image\":{\"@id\":\"https:\/\/15milhas.com.br\/wfe\/apoiadores\/#primaryimage\"},\"thumbnailUrl\":\"https:\/\/15milhas.com.br\/wfe\/wp-content\/uploads\/2022\/07\/selo-300x300.png\",\"datePublished\":\"2022-05-13T11:22:00+00:00\",\"dateModified\":\"2025-10-29T19:23:11+00:00\",\"breadcrumb\":{\"@id\":\"https:\/\/15milhas.com.br\/wfe\/apoiadores\/#breadcrumb\"},\"inLanguage\":\"pt-BR\",\"potentialAction\":[{\"@type\":\"ReadAction\",\"target\":[\"https:\/\/15milhas.com.br\/wfe\/apoiadores\/\"]}]},{\"@type\":\"ImageObject\",\"inLanguage\":\"pt-BR\",\"@id\":\"https:\/\/15milhas.com.br\/wfe\/apoiadores\/#primaryimage\",\"url\":\"https:\/\/15milhas.com.br\/wfe\/wp-content\/uploads\/2022\/07\/selo.png\",\"contentUrl\":\"https:\/\/15milhas.com.br\/wfe\/wp-content\/uploads\/2022\/07\/selo.png\",\"width\":500,\"height\":500},{\"@type\":\"BreadcrumbList\",\"@id\":\"https:\/\/15milhas.com.br\/wfe\/apoiadores\/#breadcrumb\",\"itemListElement\":[{\"@type\":\"ListItem\",\"position\":1,\"name\":\"In\u00edcio\",\"item\":\"https:\/\/15milhas.com.br\/wfe\/\"},{\"@type\":\"ListItem\",\"position\":2,\"name\":\"Apoiadores\"}]},{\"@type\":\"WebSite\",\"@id\":\"https:\/\/15milhas.com.br\/wfe\/#website\",\"url\":\"https:\/\/15milhas.com.br\/wfe\/\",\"name\":\"15 Milhas\",\"description\":\"Associa\u00e7\u00e3o de Corredores de Rua de Santa Rosa\",\"publisher\":{\"@id\":\"https:\/\/15milhas.com.br\/wfe\/#organization\"},\"potentialAction\":[{\"@type\":\"SearchAction\",\"target\":{\"@type\":\"EntryPoint\",\"urlTemplate\":\"https:\/\/15milhas.com.br\/wfe\/?s={search_term_string}\"},\"query-input\":{\"@type\":\"PropertyValueSpecification\",\"valueRequired\":true,\"valueName\":\"search_term_string\"}}],\"inLanguage\":\"pt-BR\"},{\"@type\":\"Organization\",\"@id\":\"https:\/\/15milhas.com.br\/wfe\/#organization\",\"name\":\"15 Milhas\",\"url\":\"https:\/\/15milhas.com.br\/wfe\/\",\"logo\":{\"@type\":\"ImageObject\",\"inLanguage\":\"pt-BR\",\"@id\":\"https:\/\/15milhas.com.br\/wfe\/#\/schema\/logo\/image\/\",\"url\":\"https:\/\/15milhas.com.br\/wfe\/wp-content\/uploads\/2022\/05\/logo-2.png\",\"contentUrl\":\"https:\/\/15milhas.com.br\/wfe\/wp-content\/uploads\/2022\/05\/logo-2.png\",\"width\":2236,\"height\":986,\"caption\":\"15 Milhas\"},\"image\":{\"@id\":\"https:\/\/15milhas.com.br\/wfe\/#\/schema\/logo\/image\/\"},\"sameAs\":[\"https:\/\/www.facebook.com\/15MilhasdeCorredoresdeRuadeSantaRosa\",\"https:\/\/www.instagram.com\/15_milhas\/\"]}]}<\/script>\n<!-- \/ Yoast SEO plugin. -->","yoast_head_json":{"title":"Apoiadores - 15 Milhas","robots":{"index":"index","follow":"follow","max-snippet":"max-snippet:-1","max-image-preview":"max-image-preview:large","max-video-preview":"max-video-preview:-1"},"canonical":"https:\/\/15milhas.com.br\/wfe\/apoiadores\/","og_locale":"pt_BR","og_type":"article","og_title":"Apoiadores - 15 Milhas","og_description":"Seja um amigo do esporte.Apoiando nossa equipe, sua marca vai ser divulgada em todos os eventos que o 15 Milhas estiver presente. E sua empresa recebe o &#8220;Selo de Amigo do Esporte&#8221;. Ajude nossa Associa\u00e7\u00e3o de Corredores de Rua apoiando as competi\u00e7\u00f5es ou seja um apoiador Oficial da Equipe 15 Milhas. Download Quer ser Amigo [&hellip;]","og_url":"https:\/\/15milhas.com.br\/wfe\/apoiadores\/","og_site_name":"15 Milhas","article_publisher":"https:\/\/www.facebook.com\/15MilhasdeCorredoresdeRuadeSantaRosa","article_modified_time":"2025-10-29T19:23:11+00:00","og_image":[{"url":"https:\/\/15milhas.com.br\/wfe\/wp-content\/uploads\/2022\/07\/selo-300x300.png","type":"","width":"","height":""}],"twitter_card":"summary_large_image","twitter_misc":{"Est. tempo de leitura":"1 minuto"},"schema":{"@context":"https:\/\/schema.org","@graph":[{"@type":"WebPage","@id":"https:\/\/15milhas.com.br\/wfe\/apoiadores\/","url":"https:\/\/15milhas.com.br\/wfe\/apoiadores\/","name":"Apoiadores - 15 Milhas","isPartOf":{"@id":"https:\/\/15milhas.com.br\/wfe\/#website"},"primaryImageOfPage":{"@id":"https:\/\/15milhas.com.br\/wfe\/apoiadores\/#primaryimage"},"image":{"@id":"https:\/\/15milhas.com.br\/wfe\/apoiadores\/#primaryimage"},"thumbnailUrl":"https:\/\/15milhas.com.br\/wfe\/wp-content\/uploads\/2022\/07\/selo-300x300.png","datePublished":"2022-05-13T11:22:00+00:00","dateModified":"2025-10-29T19:23:11+00:00","breadcrumb":{"@id":"https:\/\/15milhas.com.br\/wfe\/apoiadores\/#breadcrumb"},"inLanguage":"pt-BR","potentialAction":[{"@type":"ReadAction","target":["https:\/\/15milhas.com.br\/wfe\/apoiadores\/"]}]},{"@type":"ImageObject","inLanguage":"pt-BR","@id":"https:\/\/15milhas.com.br\/wfe\/apoiadores\/#primaryimage","url":"https:\/\/15milhas.com.br\/wfe\/wp-content\/uploads\/2022\/07\/selo.png","contentUrl":"https:\/\/15milhas.com.br\/wfe\/wp-content\/uploads\/2022\/07\/selo.png","width":500,"height":500},{"@type":"BreadcrumbList","@id":"https:\/\/15milhas.com.br\/wfe\/apoiadores\/#breadcrumb","itemListElement":[{"@type":"ListItem","position":1,"name":"In\u00edcio","item":"https:\/\/15milhas.com.br\/wfe\/"},{"@type":"ListItem","position":2,"name":"Apoiadores"}]},{"@type":"WebSite","@id":"https:\/\/15milhas.com.br\/wfe\/#website","url":"https:\/\/15milhas.com.br\/wfe\/","name":"15 Milhas","description":"Associa\u00e7\u00e3o de Corredores de Rua de Santa Rosa","publisher":{"@id":"https:\/\/15milhas.com.br\/wfe\/#organization"},"potentialAction":[{"@type":"SearchAction","target":{"@type":"EntryPoint","urlTemplate":"https:\/\/15milhas.com.br\/wfe\/?s={search_term_string}"},"query-input":{"@type":"PropertyValueSpecification","valueRequired":true,"valueName":"search_term_string"}}],"inLanguage":"pt-BR"},{"@type":"Organization","@id":"https:\/\/15milhas.com.br\/wfe\/#organization","name":"15 Milhas","url":"https:\/\/15milhas.com.br\/wfe\/","logo":{"@type":"ImageObject","inLanguage":"pt-BR","@id":"https:\/\/15milhas.com.br\/wfe\/#\/schema\/logo\/image\/","url":"https:\/\/15milhas.com.br\/wfe\/wp-content\/uploads\/2022\/05\/logo-2.png","contentUrl":"https:\/\/15milhas.com.br\/wfe\/wp-content\/uploads\/2022\/05\/logo-2.png","width":2236,"height":986,"caption":"15 Milhas"},"image":{"@id":"https:\/\/15milhas.com.br\/wfe\/#\/schema\/logo\/image\/"},"sameAs":["https:\/\/www.facebook.com\/15MilhasdeCorredoresdeRuadeSantaRosa","https:\/\/www.instagram.com\/15_milhas\/"]}]}},"rttpg_featured_image_url":null,"rttpg_author":{"display_name":"admin","author_link":"https:\/\/15milhas.com.br\/wfe\/author\/admin\/"},"rttpg_comment":0,"rttpg_category":null,"rttpg_excerpt":"Seja um amigo do esporte.Apoiando nossa equipe, sua marca vai ser divulgada em todos os eventos que o 15 Milhas estiver presente. E sua empresa recebe o &#8220;Selo de Amigo do Esporte&#8221;. Ajude nossa Associa\u00e7\u00e3o de Corredores de Rua apoiando as competi\u00e7\u00f5es ou seja um apoiador Oficial da Equipe 15 Milhas. Download Quer ser Amigo&hellip;","_links":{"self":[{"href":"https:\/\/15milhas.com.br\/wfe\/wp-json\/wp\/v2\/pages\/83","targetHints":{"allow":["GET"]}}],"collection":[{"href":"https:\/\/15milhas.com.br\/wfe\/wp-json\/wp\/v2\/pages"}],"about":[{"href":"https:\/\/15milhas.com.br\/wfe\/wp-json\/wp\/v2\/types\/page"}],"author":[{"embeddable":true,"href":"https:\/\/15milhas.com.br\/wfe\/wp-json\/wp\/v2\/users\/1"}],"replies":[{"embeddable":true,"href":"https:\/\/15milhas.com.br\/wfe\/wp-json\/wp\/v2\/comments?post=83"}],"version-history":[{"count":39,"href":"https:\/\/15milhas.com.br\/wfe\/wp-json\/wp\/v2\/pages\/83\/revisions"}],"predecessor-version":[{"id":863,"href":"https:\/\/15milhas.com.br\/wfe\/wp-json\/wp\/v2\/pages\/83\/revisions\/863"}],"wp:attachment":[{"href":"https:\/\/15milhas.com.br\/wfe\/wp-json\/wp\/v2\/media?parent=83"}],"curies":[{"name":"wp","href":"https:\/\/api.w.org\/{rel}","templated":true}]}}